t u(x) = -20*x + 327. List the prime factors of u(15).
3
Let w(z) = -z**2 - z. Let f be w(12). Let t be (-2)/(-16) + f/(-32). Suppose t*a = -3*j + 154, 4*j - 2*a = 66 + 96. What are the prime factors of j?
43
Let j = 202 + -196. Suppose -t + 488 = -v, -3*t - j*v + 1464 = -3*v. List the prime factors of t.
2, 61
List the prime factors of ((8 - -16)/(-3))/1 - -6342.
2, 3167
Suppose 0 = 2*c + 3*f + 12 - 3, 5*c - f - 3 = 0. Suppose 20*v + 1914 - 14274 = c. List the prime factors of v.
2, 3, 103
Let o(j) = j**3 - 4*j**2 - 45*j - 147. List the prime factors of o(38).
97, 487
Let b(u) = -8*u - 15 + 39 + 13*u**2 - 21. What are the prime factors of b(5)?
2, 3
List the prime factors of (4/(-6))/(404/(-2597922)).
3, 1429
Suppose -5*s - 61774 = -9*k, -3*k - 20618 = -6*k - 5*s. What are the prime factors of k?
2, 3433
Let b(f) = 42*f**2 - 8*f + 520. What are the prime factors of b(17)?
2, 3, 2087
Let t = 331 + -184. Let l be 74 - -1*((14 - 4) + -11). Let w = t - l. List the prime factors of w.
2, 37
Let x(b) = b**3 - 16*b**2 + 5*b + 30. Let z be x(16). Suppose -m + z = 111. What are the prime factors of (430/(-1))/((m - 0) + -1)?
5, 43
Let d = 172999 - 119119. List the prime factors of d.
2, 3, 5, 449
Let w(r) = 13 + 23*r - 18 + 11*r - 28 + 26*r. List the prime factors of w(3).
3, 7
Let f(b) = -19*b + 2. Let r(g) = -g**2 - g + 10. Let l be r(3). Let y = l - -1. List the prime factors of f(y).
3, 7
Let k = -8 - 15. Let o(d) = -8 - d**3 - 12 - 10*d + 0 - 11 - 23*d**2. What are the prime factors of o(k)?
199
Let u = 2271 - -563. What are the prime factors of u?
2, 13, 109
Let r(o) = -396*o + 1457. List the prime factors of r(-11).
5813
Let h = -2410 - -4838. List the prime factors of h.
2, 607
Suppose -10*l = -6*l - 80. Suppose i + 0*i - 4*o - 14 = 0, -l = -4*i - 2*o. Let s(v) = 3*v**2 - v - 14. What are the prime factors of s(i)?
2, 11
Suppose -4*g + 491 = n, 450 + 510 = 2*n - 3*g. What are the prime factors of n?
3, 7, 23
Suppose 4*z + 6*z = 0. Suppose -61*c + 68*c - 1673 = z. List the prime factors of c.
239
Let r(x) = -16*x + 3. Suppose 1 = -l, -2*l = i + 1 - 15. Let a = i + -20. What are the prime factors of r(a)?
67
What are the prime factors of (-3550*29)/(-2) - ((-5)/1 + 3)?
3, 17159
Suppose -511 = -3*v - 4*b, v - 204 + 12 = 3*b. Let y = 497 - v. What are the prime factors of y?
2, 5
What are the prime factors of ((-247653)/35)/(11/(-55))?
3, 3931
Let f(m) = -26*m**3 + m**2 + 3*m + 2. Let o be ((-1)/1)/((-8)/(-16)) + 1. Let d be f(o). What are the prime factors of ((-91)/d)/((-1)/(15 - 1))?
7
Let t = -129 + 135. Let c be (68 - -2)*((-3)/t - -1). Suppose 0 = 3*s - 73 - c. List the prime factors of s.
2, 3
Let s(d) = -4*d + 33. Let y be s(7). Suppose l - 48 = y*u, 5*u - l + 2*l = -52. What are the prime factors of (-2800)/(-84) + -1 + u/(-6)?
2, 17
Let g(h) = 7*h**2 + 9*h + 907. Let x(b) = 15*b**2 + 20*b + 1812. Let c(j) = 13*g(j) - 6*x(j). List the prime factors of c(0).
919
Let y(t) = 5*t + 40. Let q = -34 - -18. Let s be y(q). Let g = 18 - s. What are the prime factors of g?
2, 29
Let g(v) = 618*v**3 + 6*v**2 - 313*v + 1232. What are the prime factors of g(4)?
2, 9907
Let p be ((-2)/(-6)*-3214)/((-18)/27). Let s = p - 956. List the prime factors of s.
3, 7, 31
Let y = 20696 - 4322. What are the prime factors of y?
2, 3, 2729
Let x(h) = h**2 + 11*h + 47. Let a be x(-15). Let t = 159 - a. List the prime factors of t.
2, 13
Let o(c) be the second derivative of -11*c**4/12 - c**3/3 + 23*c**2/2 - c. Let b(f) be the first derivative of o(f). List the prime factors of b(-8).
2, 3, 29
Let y = -1463 - -1859. What are the prime factors of y?
2, 3, 11
Suppose 0*w = 3*j + w - 6, j = -4*w - 9. Suppose -j*o + 4*i = 132, i + 0*i + 220 = -5*o. Let g = o - -58. List the prime factors of g.
2, 7
Let o = 39 - 36. Suppose 4*v - 2*v = -o*r + 86, -4*v = -2*r + 36. List the prime factors of 30/12*2*(1 + r).
3, 5
Let s = -39 + 43. Suppose 3*d + 3*k + 7 = -2, -2*k = s*d + 6. Suppose 4*q + 3*f - 625 = d, -6*q + 5*q = -2*f - 170. List the prime factors of q.
2, 5
Let k(b) = 1695*b - 437. List the prime factors of k(7).
2, 2857
List the prime factors of (42300 + 4)/(-4)*(-315)/140.
2, 3, 661
Suppose 162*v - 3175068 - 4565392 = -98*v. What are the prime factors of v?
7, 4253
Suppose -j - y = -7, 0*j - 3*j - 5*y = -19. Let r = 194 - j. What are the prime factors of r?
2, 3, 31
Let x(r) = -3*r**2 - 12*r + 43. Let o(u) = 3*u**2 + 14*u - 42. Let j(s) = 3*o(s) + 2*x(s). What are the prime factors of j(14)?
2, 5
Let b be (1 - 2)/((-19)/95). Suppose -s + m = -9, -4*m + 27 = b*s + 9. What are the prime factors of ((-115)/10)/(-1*1/s)?
3, 23
What are the prime factors of ((0 - (1 + -7)) + -2)*54321/12?
19, 953
Let j(g) = -3*g**3 + 12*g**2 + 5*g + 12. Let w be j(7). Let d = -94 - w. What are the prime factors of d?
2, 3, 5
Let m(r) = 8294*r + 652. What are the prime factors of m(2)?
2, 5, 431
Suppose 591*a + 1190 = 589*a. List the prime factors of 26484/17 + (-70)/a.
2, 19, 41
Suppose 3*u - 180682 = -c, -u + 3*c = 4*c - 60226. List the prime factors of u.
2, 3, 7, 239
Suppose -4*y - 20 = -b, -2*b + 2*y - 5*y = -40. Suppose 3*k = -k + b, 418 = -4*t + 2*k. Let m = 207 + t. What are the prime factors of m?
3, 5, 7
Suppose -39*d - 4*d = 25*d - 16048. Let i be 4/2 + 0 + 128. Let u = d - i. List the prime factors of u.
2, 53
What are the prime factors of -11 + 85605/15 - -12?
2, 1427
Suppose -23*v - 56930 = -844772. List the prime factors of v.
2, 3, 11, 173
Let y = -46 + 64. Suppose -y*q + 10404 = -q. Suppose 607 = -0*p + 4*p + 5*c, 4*p - q = -4*c. List the prime factors of p.
2, 79
Let z(s) = -264*s**3 + 6*s**2 + 9*s + 1. What are the prime factors of z(-1)?
2, 131
Let s(h) = -h**2 + 9*h + 25. Let p be s(11). Suppose p*o - 9 = -0*o. What are the prime factors of (11 - o) + -1 + 4?
11
Suppose -6*m - 271 = -20*m + 2823. Let f = -4 - -6. Suppose -431 = -f*c - r, c - 2*r - 3*r = m. What are the prime factors of c?
2, 3
Let c(z) = 918*z - 5222. List the prime factors of c(7).
2, 7, 43
Let u(f) = 3*f**3 - 35*f**2 - 33*f + 41. What are the prime factors of u(17)?
2, 3, 19
Suppose -8 = -2*f, -p - 3*f = -5*f - 695. Suppose -4*z + p = -73. List the prime factors of z.
2, 97
Let d = 126067 - 85430. List the prime factors of d.
40637
Let d(p) = 9*p + 12. Let b be d(-1). Let h(x) = -10*x**3 - 4*x**2 - 2*x + 11*x**3 + 0*x**b. What are the prime factors of h(7)?
7, 19
Suppose 19441 = -13*m + 87119. List the prime factors of m.
2, 19, 137
Let h(s) = -11*s. Let z be h(-1). Suppose -z*k = -52*k + 34973. What are the prime factors of k?
853
Let m = -18984 + 19682. What are the prime factors of m?
2, 349
Let d = 1017 - 689. Let i = d - 101. What are the prime factors of i?
227
Let f(g) = -4*g - 7. Suppose -3*t + 4*p + 6 = -t, 5*p = -t + 24. Suppose -39 + t = 5*z. List the prime factors of f(z).
17
Let q be -9 - 2622/(-18) - 1/(-3). Let h = 100 + q. What are the prime factors of h?
3, 79
Let i be (-1022)/2 + 18 + -24. Let k = i - -1785. List the prime factors of k.
2, 317
What are the prime factors of -1 - (-5659 - -116 - 4/2)?
2, 3, 7, 11
Suppose 4*h - 76 = 2*h. Let t = h + 260. List the prime factors of t.
2, 149
Suppose -119*m - 106*m + 708300 = 0. What are the prime factors of m?
2, 787
What are the prime factors of 6*((-26)/117)/((-2)/25674)?
2, 11, 389
Let i(s) = 100*s + 23. Let z be i(9). What are the prime factors of 6 + (6 - 10) + z + 1?
2, 463
Let b(o) be the second derivative of 5*o**3/6 - 9*o**2 + 2*o - 13. Let r be b(17). Suppose y - 222 = -r. List the prime factors of y.
5, 31
Let c(w) = 1580*w**2 + 48*w + 27. What are the prime factors of c(-4)?
5, 5023
Suppose 1598 = 9*g - 2155. Let r be 4/(-10) - (-2896)/(-10). Let u = r + g. List the prime factors of u.
127
Suppose 2*h - 5298 = -226*k + 221*k, 0 = h - 3*k - 2671. List the prime factors of h.
2659
Let j = -420 - -17629. What are the prime factors of j?
17209
What are the prime factors of 1869875/35 + 156/6?
3, 5939
Let i(j) = j**2 + 4*j - 1. Let l be i(-7). Suppose -4*f - 3*w + 0*w = -29, 4*w + l = 2*f. What are the prime factors of (-3 - 28/f)*-22?
11, 13
Suppose 0 = -4*m + 5*d - 5 + 62, 4*d = 5*m - 78. Suppose -m*z = -19*z + 335. List the prime factors of z.
5, 67
Suppose -3*y = -6*a + 87438, -4*a - 37*y + 58292 = -38*y. What are the prime